 35*j + 157. Give y(5).
7
Let y(f) = -f**3 - 4*f**2 - 2*f. Calculate y(-4).
8
Let j(z) = -2*z**3 - 10*z**2 - 2*z - 9. Give j(-6).
75
Let w(u) = 10*u - 5. Calculate w(3).
25
Let m(z) = z**2 + 15*z - 4. Calculate m(-8).
-60
Let x(f) = f**2 + 5*f. Give x(-4).
-4
Let a(l) = -l**2 + l + 10. What is a(-3)?
-2
Let n(z) = 33*z - 223. Give n(7).
8
Let c(g) = -2*g - 4. What is c(-3)?
2
Let a(g) = 5*g - 69. Determine a(10).
-19
Let q(f) = 8*f - 8. Give q(-8).
-72
Let v(p) = -35*p**2 - p + 1. What is v(1)?
-35
Let h(q) = 7*q + 48. Determine h(-4).
20
Let n(i) = -64*i - 188. Calculate n(-3).
4
Let j(l) = 3*l**2 - 7*l + 1. Give j(5).
41
Let a(i) = -i**2 - 14*i + 14. Give a(-14).
14
Let f(y) = 3*y - 76. What is f(25)?
-1
Let d(u) = -u - 4. Determine d(-10).
6
Let t(z) = -5*z - 14. Give t(-14).
56
Let b(m) = -m**2 + 8*m - 1. Calculate b(9).
-10
Let b(n) = -n**3 + n. Give b(-1).
0
Let c(b) = 29*b - 223. Calculate c(8).
9
Let u(b) = b**2 + 27*b + 53. Determine u(-24).
-19
Let o(k) = 3*k + 30. Calculate o(-10).
0
Let f(z) = -16*z + 197. Determine f(13).
-11
Let y(g) = -g**2 - 25*g - 131. Determine y(-15).
19
Let c(l) = -5*l - 83. Give c(-23).
32
Let l(q) = q**2 + 2*q - 10. What is l(3)?
5
Let l(j) = -j**3 - 6*j**2 - j. What is l(-6)?
6
Let u(c) = c**3 + 9*c**2 + 5*c + 2. What is u(-7)?
65
Let v(j) = -2*j - 1. Calculate v(5).
-11
Let y(s) = s**3 + 22*s**2 - 76*s - 24. Calculate y(-25).
1
Let o(r) = -13*r**3 + 2*r**2 + r. What is o(-1)?
14
Let t(u) = -u**2 + 29. Give t(0).
29
Let k(a) = -3*a**3 + a + 1. Calculate k(2).
-21
Let l(v) = 2*v**3 + 9*v**2 - 2*v - 18. What is l(-4)?
6
Let f(k) = k**3 + 6*k**2 + 2*k - 2. What is f(-5)?
13
Let f(w) = -w**3 - 8*w**2 - 10*w - 5. Give f(-8).
75
Let x(c) = c**3 + 8*c**2 + 5*c + 9. What is x(-5)?
59
Let f(r) = -r**3 + 10*r**2 + 9*r + 19. Give f(11).
-3
Let a(j) = -j**3 + 24*j**2 + 26*j - 51. Give a(25).
-26
Let m(n) = -59*n - 223. Determine m(-4).
13
Let t(j) = j**3 - 3*j**2 - 3*j - 1. Give t(-3).
-46
Let k(f) = -3*f**2 + 5*f + 3. What is k(4)?
-25
Let c(g) = -g**3 + g**2 + 2*g + 1. Give c(0).
1
Let c(v) = -v**2 + 7*v. What is c(8)?
-8
Let l(p) = -3*p - 6. Give l(-3).
3
Let i(d) = 2*d**2 + 34*d + 54. Calculate i(-16).
22
Let n(q) = 5*q**2 + 8*q - 11. Determine n(2).
25
Let y(c) = -26*c + 370. Calculate y(14).
6
Let x(l) = 5*l - 99. Calculate x(18).
-9
Let s(r) = -r**3 + 14*r**2 + 6*r - 7. Determine s(14).
77
Let o(z) = -3*z**2 + 4*z. Give o(3).
-15
Let h(t) = -t**2 - 21*t + 4. Give h(-20).
24
Let o(g) = -g**3 + 34*g**2 - 2*g + 70. Calculate o(34).
2
Let z(u) = 4*u + 13. Give z(-4).
-3
Let l(t) = -16*t - 115. Calculate l(-7).
-3
Let h(c) = -13*c**3 + c**2 + 2*c + 1. Calculate h(2).
-95
Let t(h) = h**2 + 5*h - 12. Calculate t(-3).
-18
Let x(n) = n**2 - 12*n. What is x(11)?
-11
Let i(l) = 3*l**2 - l - 2. Determine i(4).
42
Let q(m) = -49*m + 100. Determine q(2).
2
Let r(y) = -y - 2. What is r(-10)?
8
Let a(h) = 6*h + 40. Determine a(-7).
-2
Let m(r) = -5*r + 54. Calculate m(7).
19
Let m(s) = 14*s - 537. What is m(38)?
-5
Let y(t) = t**3 + 4*t**2 + 4*t + 5. What is y(-6)?
-91
Let u(p) = p**2 - 4*p + 5. What is u(5)?
10
Let z(m) = -m - 21. Determine z(-13).
-8
Let h(o) = o**3 - 7*o**2 - 2*o + 14. Determine h(7).
0
Let q(b) = -4*b + 6. Determine q(13).
-46
Let u(g) = -2*g**3 + 24*g**2 - 5*g - 1. Calculate u(12).
-61
Let k(v) = -4*v**3 + v**2 + v + 1. Calculate k(-1).
5
Let l(k) = 16*k + 115. Calculate l(-8).
-13
Let c(o) = -2*o**2 - o + 27. Calculate c(-7).
-64
Let w(m) = -m**3 + 10*m**2 + 11*m - 7. Calculate w(11).
-7
Let s(d) = -d**2 + 4*d + 1. Give s(5).
-4
Let h(b) = -b**2 + 34*b - 53. Calculate h(32).
11
Let q(h) = -h**3 - 7*h - 6. Determine q(-2).
16
Let j(f) = -4*f - 4. Give j(-3).
8
Let r(g) = -g**3 - 16*g**2 - 6*g - 68. Give r(-16).
28
Let j(b) = 4*b**3 - b**2 + b. Calculate j(1).
4
Let d(x) = 5*x - 19. Give d(5).
6
Let z(p) = -2*p - 17. Determine z(-6).
-5
Let i(b) = -2*b + 3. Give i(-2).
7
Let c(n) = n**3 - 12*n**2 - 13*n + 7. Give c(13).
7
Let s(p) = p**3 - p**2 - p + 32. What is s(0)?
32
Let b(v) = v**3 - 4*v**2 + 3*v - 9. Calculate b(4).
3
Let c(r) = -r**3 + 2*r**2 + 6*r - 3. What is c(4)?
-11
Let w(s) = s**3 + 22*s**2 - 49*s - 18. Calculate w(-24).
6
Let a(x) = 46*x**2 + 10*x - 10. Calculate a(1).
46
Let a(k) = 2*k + 10. Give a(-6).
-2
Let t(z) = z**3 + 15*z**2 - 6*z - 15. Calculate t(-15).
75
Let d(s) = s**2 + 6*s. What is d(-9)?
27
Let k(z) = z - 14. What is k(15)?
1
Let h(n) = 3*n**2 - 92*n - 7. Calculate h(31).
24
Let o(f) = -7*f**2 - f. What is o(2)?
-30
Let n(b) = b**3 + 7*b**2 - 6*b - 6. Calculate n(-8).
-22
Let s(d) = d**2 - 15*d - 8. Give s(16).
8
Let a(d) = 3*d + 6. Calculate a(-5).
-9
Let x(y) = 15*y - 18. Determine x(3).
27
Let i(j) = j**2 + 14*j - 17. Determine i(-16).
15
Let f(m) = -3*m**3 + 6*m + 2. What is f(3)?
-61
Let h(k) = k**3 + 5*k**2 - 2*k - 3. Determine h(-5).
7
Let n(g) = 7*g + 8. Calculate n(-2).
-6
Let m(j) = j**2 + 21*j - 111. Determine m(-25).
-11
Let q(h) = -12*h - 2. Give q(3).
-38
Let a(z) = z**2 - 57*z + 216. Determine a(4).
4
Let z(w) = 2*w**3 + 3*w**2 - 6*w + 3. Calculate z(2).
19
Let i(y) = -2*y**2 - y + 3. Determine i(0).
3
Let d(x) = 13*x + 49. Calculate d(6).
127
Let d(o) = -o - 10. Give d(-14).
4
Let n(d) = -d**2 - 8*d + 3. What is n(-7)?
10
Let o(w) = -w**3 + 13*w**2 - 5*w + 45. What is o(13)?
-20
Let f(p) = -3*p + 45. What is f(14)?
3
Let y(a) = a**2 + 10*a - 78. Determine y(-16).
18
Let l(x) = x**3 + 20*x**2 - 22*x - 28. Calculate l(-21).
-7
Let j(s) = -2*s**2 - 34*s + 13. Determine j(-18).
-23
Let n(z) = -z - 18. Calculate n(-21).
3
Let v(s) = -3*s + 95. Determine v(26).
17
Let y(j) = -j**2 - 4*j + 18. Give y(-6).
6
Let g(x) = -3*x + 30. Give g(13).
-9
Let j(t) = -t - 12. Calculate j(11).
-23
Let k(f) = -3*f + 48. Determine k(0).
48
Let n(s) = 7*s - 38. Give n(7).
11
Let a(m) = 2*m + 65. Calculate a(-28).
9
Let c(w) = 12*w - 4. Calculate c(1).
8
Let u(l) = -6*l**2 - 129*l - 63. Calculate u(-21).
0
Let z(q) = 4*q + 60. What is z(-19)?
-16
Let h(n) = 4*n**2 + 9*n + 15. Give h(-2).
13
Let q(a) = -a**3 - 9*a**2 + 9*a + 1. Calculate q(-10).
11
Let j(s) = s**2 + 3*s - 7. Calculate j(-6).
11
Let w(a) = -2*a + 22. What is w(-16)?
54
Let i(t) = -t**3 - 7*t**2 + 5*t + 9. Calculate i(-7).
-26
Let x(u) = u**3 - 25*u**2 + 27*u + 26. Determine x(24).
98
Let r(q) = q**3 + 11*q**2 + 15*q + 5. Determine r(-9).
32
Let m(c) = -9*c**2 + 6*c - 3. Give m(3).
-66
Let x(m) = 9*m. Give x(-1).
-9
Let z(c) = 135*c - 132. What is z(1)?
3
Let t(i) = i**2 + 17*i - 21. What is t(-18)?
-3
Let t(b) = -b**3 - 2*b**2 + 15*b - 3. Determine t(-5).
-3
Let c(b) = b**2 - 7*b - 3. Determine c(-2).
15
Let c(w) = w**2 + w - 57. What is c(-9)?
15
Let c(f) = f**3 - 10*f**2 + 2. Give c(7).
-145
Let v(j) = -2*j + 44. Give v(24).
-4
Let c(f) = f**2 - 2*f + 8. What is c(6)?
32
Let v(m) = -m**3 + 6*m**2 + 8*m - 18. Give v(7).
-11
Let b(n) = -n**3 + 2*n + 8. Determine b(3).
-13
Let j(x) = -19*x - 1165. Determine j(-61).
-6
Let d(l) = l**3 + 3*l**2 + 5. Calculate d(-4).
-11
Let w(u) = -3*u + 6. What is w(4)?
-6
Let f(g) = -2*g**2 + 6*g + 1. Determine f(6).
-35
Let i(r) = r**2 + 8*r + 18. Determine i(-8).
18
Let t(h) = 6*h**2 - 10*h + 10. What is t(1)?
6
Let p(o) = o**3 + 9*o**2 + 11*o + 1. What is p(-8)?
-23
Let z(h) = 7*h + 58. What is z(-17)?
-61
Let c(d) = -d**2 - 2*d. What is c(-3)?
-3
Let a(l) = -2*l**2 - 199. Give a(0).
-199
Let m(d) = -3*d - 20. What is m(-4)?
-8
Let x(q) = -6*q**3 - 2*q**2 - q - 2. Give x(-2).
40
Let p(k) = -k**2 - 13*k + 31. Calculate p(-15).
1
Let v(m) = -4*m - 8. What is v(-5)?
12
Let r(h) = 3*h - 13. What is r(0)?
-13
Let v(a) = -5*a + 35. Calculate v(0).
35
Let t(g) = -12*g**2 + 5*g - 4. Give t(2).
-42
Let h(s) = s + 8. Calculate h(-11).
-3
Let z(r) = r**3 - 37*r**2 - 38*r + 3. Give z(38).
3
Let n(f) = -f - 22. Determine n(-27).
5
Let k(m) = m**3 + 20*m**2 + 35*m - 8. Give k(-18).
10
Let h(j) = -j - 12. Calculate h(-11).
-1
Let o(n) = -n**3 - 5*n**2 - 8*n - 17. Determine o(-5).
23
Let y(x) = x - 2. Determine y(-1).
-3
Let f(j) = j**3 + 10*j**2 + 14*j + 57. Determine f(-9).
12
Let h(o) = -o**2 + 6*o + 22. Calculate h(9).
-5
Let x(u) = -u**3 - 7*u**2 + 8*u + 5. Give x(-8).
5
Let u(y) = -13*y**2 + 41*y - 40. What is u(1)?
-12
Let j(t) = 2*t - 3. Calculate j(3).
3
Let q(y) = 6*y**3 + 2*y**2 + 2. 